Calculate the remainder when 8351 is divided by 177.
32
Calculate the remainder when 69235 is divided by 17308.
3
Calculate the remainder when 468 is divided by 1.
0
What is the remainder when 2519 is divided by 41?
18
What is the remainder when 845644 is divided by 2437?
5
What is the remainder when 27049 is divided by 27019?
30
What is the remainder when 15005 is divided by 652?
9
Calculate the remainder when 7941 is divided by 11.
10
Calculate the remainder when 7880 is divided by 87.
50
What is the remainder when 27167 is divided by 9051?
14
Calculate the remainder when 7719 is divided by 7709.
10
Calculate the remainder when 297216 is divided by 297191.
25
What is the remainder when 610 is divided by 287?
36
What is the remainder when 40544 is divided by 40512?
32
Calculate the remainder when 101809 is divided by 988.
45
Calculate the remainder when 12031 is divided by 256.
255
Calculate the remainder when 99297 is divided by 37.
26
Calculate the remainder when 1333941 is divided by 388.
385
What is the remainder when 94995 is divided by 77?
54
Calculate the remainder when 294 is divided by 138.
18
Calculate the remainder when 691143 is divided by 637.
635
Calculate the remainder when 33906 is divided by 721.
19
What is the remainder when 414628 is divided by 12?
4
What is the remainder when 5253 is divided by 142?
141
Calculate the remainder when 72256 is divided by 63.
58
What is the remainder when 13577 is divided by 151?
138
What is the remainder when 3927 is divided by 54?
39
What is the remainder when 113362 is divided by 7?
4
Calculate the remainder when 37903 is divided by 1792.
271
Calculate the remainder when 30768 is divided by 30746.
22
What is the remainder when 250574 is divided by 2983?
2
Calculate the remainder when 8031 is divided by 902.
815
What is the remainder when 10403 is divided by 2046?
173
What is the remainder when 894 is divided by 848?
46
What is the remainder when 1760984 is divided by 15?
14
What is the remainder when 2060 is divided by 113?
26
What is the remainder when 1411 is divided by 295?
231
Calculate the remainder when 16606 is divided by 11.
7
Calculate the remainder when 340559 is divided by 360.
359
Calculate the remainder when 351874 is divided by 117277.
43
Calculate the remainder when 11897 is divided by 1195.
1142
Calculate the remainder when 35394 is divided by 35382.
12
What is the remainder when 3622 is divided by 44?
14
What is the remainder when 31753 is divided by 68?
65
What is the remainder when 57972 is divided by 75?
72
Calculate the remainder when 1560 is divided by 12.
0
Calculate the remainder when 5199617 is divided by 79.
74
What is the remainder when 21058 is divided by 10529?
0
Calculate the remainder when 48940 is divided by 874.
870
What is the remainder when 39322 is divided by 32?
26
Calculate the remainder when 364806 is divided by 1289.
19
What is the remainder when 14683 is divided by 89?
87
Calculate the remainder when 3870 is divided by 22.
20
What is the remainder when 225 is divided by 195?
30
Calculate the remainder when 2389 is divided by 150.
139
Calculate the remainder when 151591 is divided by 25.
16
Calculate the remainder when 14734 is divided by 186.
40
What is the remainder when 420757 is divided by 550?
7
Calculate the remainder when 18397 is divided by 645.
337
Calculate the remainder when 134834 is divided by 52.
50
Calculate the remainder when 208035 is divided by 104017.
1
What is the remainder when 320224 is divided by 106?
104
Calculate the remainder when 274 is divided by 13.
1
What is the remainder when 603054 is divided by 29?
28
Calculate the remainder when 15461 is divided by 99.
17
Calculate the remainder when 113985 is divided by 389.
8
What is the remainder when 42417 is divided by 60?
57
What is the remainder when 6032 is divided by 105?
47
What is the remainder when 5544 is divided by 45?
9
What is the remainder when 967 is divided by 353?
261
Calculate the remainder when 487 is divided by 152.
31
What is the remainder when 2845 is divided by 1807?
1038
Calculate the remainder when 131206 is divided by 754.
10
What is the remainder when 1612 is divided by 84?
16
Calculate the remainder when 449187 is divided by 35.
32
What is the remainder when 273964 is divided by 60?
4
Calculate the remainder when 5097 is divided by 34.
31
Calculate the remainder when 17897 is divided by 559.
9
Calculate the remainder when 2469 is divided by 47.
25
What is the remainder when 2468 is divided by 5?
3
What is the remainder when 134715 is divided by 13?
9
Calculate the remainder when 1083289 is divided by 9.
4
What is the remainder when 35166 is divided by 206?
146
What is the remainder when 2840 is divided by 567?
5
Calculate the remainder when 5207022 is divided by 22.
18
Calculate the remainder when 4908 is divided by 78.
72
What is the remainder when 103625 is divided by 235?
225
What is the remainder when 1495 is divided by 108?
91
What is the remainder when 590059 is divided by 569?
6
What is the remainder when 431860 is divided by 2273?
2263
What is the remainder when 31773 is divided by 281?
20
What is the remainder when 3880 is divided by 218?
174
What is the remainder when 339473 is divided by 37?
35
Calculate the remainder when 8225 is divided by 1422.
1115
Calculate the remainder when 7444 is divided by 207.
199
What is the remainder when 925 is divided by 48?
13
Calculate the remainder when 57402 is divided by 1688.
10
Calculate the remainder when 39784 is divided by 170.
4
What is the remainder when 52546 is divided by 604?
602
What is the remainder when 5721 is divided by 263?
198
What is the remainder when 572 is divided by 188?
8
Calculate the remainder when 109022 is divided by 264.
254
What is the remainder when 2781243 is divided by 9933?
3
What is the remainder when 204338 is divided by 777?
764
What is the remainder when 523045 is divided by 542?
15
What is the remainder when 3656 is divided by 536?
440
What is the remainder when 7319 is divided by 1966?
1421
What is the remainder when 34474 is divided by 51?
49
What is the remainder when 183434 is divided by 29?
9
What is the remainder when 13342 is divided by 61?
44
What is the remainder when 566 is divided by 357?
209
Calculate the remainder when 4817 is divided by 35.
22
Calculate the remainder when 16997 is divided by 373.
212
Calculate the remainder when 424 is divided by 11.
6
What is the remainder when 11769 is divided by 114?
27
What is the remainder when 311670 is divided by 25?
20
What is the remainder when 115546 is divided by 963?
949
Calculate the remainder when 3571 is divided by 1094.
289
What is the remainder when 10863 is divided by 28?
27
Calculate the remainder when 2202 is divided by 28.
18
Calculate the remainder when 2415 is divided by 1076.
263
Calculate the remainder when 2360 is divided by 192.
56
Calculate the remainder when 15193 is divided by 5061.
10
Calculate the remainder when 9663 is divided by 36.
15
What is the remainder when 2345 is divided by 513?
293
Calculate the remainder when 15737 is divided by 1086.
533
What is the remainder when 9578 is divided by 15?
8
What is the remainder when 2399 is divided by 1927?
472
What is the remainder when 298922 is divided by 275?
272
Calculate the remainder when 806887 is divided by 35.
32
Calculate the remainder when 12569 is divided by 698.
5
Calculate the remainder when 2059 is divided by 7.
1
What is the remainder when 646 is divided by 256?
134
What is the remainder when 186 is divided by 40?
26
Calculate the remainder when 569468 is divided by 384.
380
Calculate the remainder when 818452 is divided by 11.
8
Calculate the remainder when 792059 is divided by 10.
9
What is the remainder when 28116 is divided by 2007?
18
Calculate the remainder when 45193 is divided by 2142.
211
What is the remainder when 11936 is divided by 5808?
320
Calculate the remainder when 55665 is divided by 18478.
231
What is the remainder when 25318 is divided by 45?
28
Calculate the remainder when 13777 is divided by 83.
82
What is the remainder when 2785 is divided by 30?
25
Calculate the remainder when 33106 is divided by 51.
7
Calculate the remainder when 626400 is divided by 26100.
0
Calculate the remainder when 54350 is divi